{"id":95,"date":"2013-08-29T18:17:34","date_gmt":"2013-08-29T16:17:34","guid":{"rendered":"http:\/\/artmeyer-agrar.de\/?page_id=95"},"modified":"2026-01-12T22:38:41","modified_gmt":"2026-01-12T21:38:41","slug":"grasernte","status":"publish","type":"page","link":"https:\/\/www.artmeyer-agrar.de\/?page_id=95","title":{"rendered":"Grasernte"},"content":{"rendered":"<p style=\"text-align: center;\"><strong>Unser Schwerpunkt liegt in der Grasernte. Hierzu haben wir den Maschinenpark auf die Bed\u00fcrfnisse unserer Kunden abgestimmt. Die Auswahl der Technik und die richtige Einstellung entscheiden wesentlich \u00fcber die Futterqualit\u00e4t. Voraussetzung hierbei ist eine gute Bodenanpassung, sauberer Schnitt und die richtige Schnitth\u00f6he.<\/strong><\/p>\n<p style=\"text-align: center;\"><b>Front\/ Heckkombination Arbeitsbreite 8,30 mtr<\/b><\/p>\n<p>&nbsp;<\/p>\n<div style=\"width: 640px;\" class=\"wp-video\"><video class=\"wp-video-shortcode\" id=\"video-95-1\" width=\"640\" height=\"360\" preload=\"metadata\" controls=\"controls\"><source type=\"video\/mp4\" src=\"http:\/\/www.artmeyer-agrar.de\/wp-content\/uploads\/Grasmaehen-720p-HD.mp4?_=1\" \/><a href=\"http:\/\/www.artmeyer-agrar.de\/wp-content\/uploads\/Grasmaehen-720p-HD.mp4\">http:\/\/www.artmeyer-agrar.de\/wp-content\/uploads\/Grasmaehen-720p-HD.mp4<\/a><\/video><\/div>\n<p><strong>Mit dem Kuhn MERGE MAXX setzen wir auf eine neue Generation der Schwadtechnik. Seine innovative Technik sorgt f\u00fcr eine schonende Aufnahme unterschiedlichster Futterpflanzen \u2013 und das mit dem klaren Ziel: den N\u00e4hrwert Ihrer Ernte bestm\u00f6glich zu erhalten. Dank seiner flexiblen Ablagem\u00f6glichkeiten passt sich der MERGE MAXX optimal an Ihre Anforderungen an \u2013 ob mittige oder seitliche Schwadablage, Sie entscheiden je nach Futtervolumen und Erntetechnik.<\/strong><\/p>\n<div style=\"width: 640px;\" class=\"wp-video\"><video class=\"wp-video-shortcode\" id=\"video-95-2\" width=\"640\" height=\"360\" preload=\"metadata\" controls=\"controls\"><source type=\"video\/mp4\" src=\"http:\/\/www.artmeyer-agrar.de\/wp-content\/uploads\/Bandschwader-720p-HD.mp4?_=2\" \/><a href=\"http:\/\/www.artmeyer-agrar.de\/wp-content\/uploads\/Bandschwader-720p-HD.mp4\">http:\/\/www.artmeyer-agrar.de\/wp-content\/uploads\/Bandschwader-720p-HD.mp4<\/a><\/video><\/div>\n<p>&nbsp;<\/p>\n<p>&nbsp;<\/p>\n<p>&nbsp;<\/p>\n<p><strong>Durch den Zettkreisel mit 8 Kreisel wird ein futterschonendes Wenden ohne Schmutzeintrag erreicht. Den gehobenen Anspruch unserer Kunden werden wir damit gerecht.<\/strong><\/p>\n<p><a href=\"http:\/\/artmeyer-agrar.de\/wp-content\/uploads\/Grasernte\/Bilder 2013 318.JPG\"><img loading=\"lazy\" decoding=\"async\" class=\"alignnone size-full wp-image-77\" src=\"http:\/\/artmeyer-agrar.de\/wp-content\/uploads\/Grasernte\/Bilder 2013 318.JPG\" alt=\"Bilder 2013 318\" width=\"1280\" height=\"725\" srcset=\"https:\/\/www.artmeyer-agrar.de\/wp-content\/uploads\/Grasernte\/Bilder%202013%20318.JPG 1280w, https:\/\/www.artmeyer-agrar.de\/wp-content\/uploads\/Grasernte\/Bilder%202013%20318-300x169.jpg 300w, https:\/\/www.artmeyer-agrar.de\/wp-content\/uploads\/Grasernte\/Bilder%202013%20318-1024x580.jpg 1024w\" sizes=\"auto, (max-width: 1280px) 100vw, 1280px\" \/><\/a><\/p>\n<p><strong>Claas Quantum 5500 S<\/strong><br \/>\n<strong>Quantum Gro\u00dfraumladewagen finden in der heutigen Zeit immer wieder an Bedeutung. F\u00fcr uns eine bedarfsgerechte Investition f\u00fcr unsere Kundschaft mit Qualit\u00e4tsanspruch.<\/strong><\/p>\n<p><img loading=\"lazy\" decoding=\"async\" class=\"thumbnail\" src=\"http:\/\/www.artmeyer-agrar.de\/wp-content\/uploads\/IMG-20200508-WA0012.jpg\" alt=\"\" width=\"347\" height=\"260\" \/><\/p>\n<div style=\"width: 640px;\" class=\"wp-video\"><video class=\"wp-video-shortcode\" id=\"video-95-3\" width=\"640\" height=\"362\" preload=\"metadata\" controls=\"controls\"><source type=\"video\/mp4\" src=\"http:\/\/www.artmeyer-agrar.de\/wp-content\/uploads\/VID-20190922-WA0003.mp4?_=3\" \/><a href=\"http:\/\/www.artmeyer-agrar.de\/wp-content\/uploads\/VID-20190922-WA0003.mp4\">http:\/\/www.artmeyer-agrar.de\/wp-content\/uploads\/VID-20190922-WA0003.mp4<\/a><\/video><\/div>\n","protected":false},"excerpt":{"rendered":"<p>Unser Schwerpunkt liegt in der Grasernte. Hierzu haben wir den Maschinenpark auf die Bed\u00fcrfnisse unserer Kunden abgestimmt. Die Auswahl der Technik und die richtige Einstellung entscheiden wesentlich \u00fcber die Futterqualit\u00e4t. Voraussetzung hierbei ist eine gute Bodenanpassung, sauberer Schnitt und die &hellip; <a href=\"https:\/\/www.artmeyer-agrar.de\/?page_id=95\">Weiterlesen <span class=\"meta-nav\">&rarr;<\/span><\/a><\/p>\n","protected":false},"author":2,"featured_media":0,"parent":0,"menu_order":5,"comment_status":"closed","ping_status":"closed","template":"onecolumn-page.php","meta":{"footnotes":""},"class_list":["post-95","page","type-page","status-publish","hentry"],"_links":{"self":[{"href":"https:\/\/www.artmeyer-agrar.de\/index.php?rest_route=\/wp\/v2\/pages\/95","targetHints":{"allow":["GET"]}}],"collection":[{"href":"https:\/\/www.artmeyer-agrar.de\/index.php?rest_route=\/wp\/v2\/pages"}],"about":[{"href":"https:\/\/www.artmeyer-agrar.de\/index.php?rest_route=\/wp\/v2\/types\/page"}],"author":[{"embeddable":true,"href":"https:\/\/www.artmeyer-agrar.de\/index.php?rest_route=\/wp\/v2\/users\/2"}],"replies":[{"embeddable":true,"href":"https:\/\/www.artmeyer-agrar.de\/index.php?rest_route=%2Fwp%2Fv2%2Fcomments&post=95"}],"version-history":[{"count":14,"href":"https:\/\/www.artmeyer-agrar.de\/index.php?rest_route=\/wp\/v2\/pages\/95\/revisions"}],"predecessor-version":[{"id":511,"href":"https:\/\/www.artmeyer-agrar.de\/index.php?rest_route=\/wp\/v2\/pages\/95\/revisions\/511"}],"wp:attachment":[{"href":"https:\/\/www.artmeyer-agrar.de\/index.php?rest_route=%2Fwp%2Fv2%2Fmedia&parent=95"}],"curies":[{"name":"wp","href":"https:\/\/api.w.org\/{rel}","templated":true}]}}